nds digit of 54954273?
9
What is the ten millions digit of 94237223?
9
What is the millions digit of 156138339?
6
What is the thousands digit of 129027887?
7
What is the millions digit of 30250395?
0
What is the hundreds digit of 17551514?
5
What is the ten thousands digit of 29346442?
4
What is the millions digit of 68820379?
8
What is the hundred thousands digit of 1033475629?
4
What is the ten millions digit of 191223345?
9
What is the millions digit of 79861697?
9
What is the hundred thousands digit of 4648525?
6
What is the thousands digit of 8807298?
7
What is the hundreds digit of 23997268?
2
What is the ten millions digit of 629392303?
2
What is the hundred thousands digit of 569376951?
3
What is the ten millions digit of 31817584?
3
What is the units digit of 7018146?
6
What is the tens digit of 176735019?
1
What is the hundreds digit of 2064637155?
1
What is the units digit of 2752716255?
5
What is the ten millions digit of 371397178?
7
What is the units digit of 2105961276?
6
What is the tens digit of 14571438?
3
What is the hundred thousands digit of 672003655?
0
What is the hundred thousands digit of 26552778?
5
What is the thousands digit of 6330142350?
2
What is the ten thousands digit of 7581931342?
3
What is the millions digit of 345555064?
5
What is the millions digit of 40668218?
0
What is the ten thousands digit of 790703?
9
What is the thousands digit of 136764401?
4
What is the millions digit of 477047843?
7
What is the ten thousands digit of 387016469?
1
What is the ten thousands digit of 1045579190?
7
What is the units digit of 2245969816?
6
What is the hundred thousands digit of 31385931?
3
What is the hundreds digit of 9442915?
9
What is the thousands digit of 22850314?
0
What is the ten millions digit of 968969323?
6
What is the hundred thousands digit of 28967514?
9
What is the thousands digit of 41125912?
5
What is the tens digit of 83283312?
1
What is the millions digit of 731301076?
1
What is the ten thousands digit of 48300177?
0
What is the ten thousands digit of 119686833?
8
What is the billions digit of 2920731470?
2
What is the ten millions digit of 15619610?
1
What is the hundreds digit of 1013792094?
0
What is the billions digit of 5204221529?
5
What is the millions digit of 3040704?
3
What is the ten millions digit of 41040694?
4
What is the units digit of 566180633?
3
What is the millions digit of 81420673?
1
What is the units digit of 47847485?
5
What is the tens digit of 126448165?
6
What is the tens digit of 221076575?
7
What is the units digit of 48773346?
6
What is the tens digit of 287159074?
7
What is the millions digit of 221771406?
1
What is the thousands digit of 2168462191?
2
What is the hundred thousands digit of 518324159?
3
What is the tens digit of 999502523?
2
What is the ten millions digit of 151331513?
5
What is the billions digit of 1435778505?
1
What is the billions digit of 1115867725?
1
What is the hundreds digit of 90379670?
6
What is the hundred thousands digit of 3191066345?
0
What is the ten thousands digit of 267831770?
3
What is the units digit of 187117765?
5
What is the tens digit of 312587219?
1
What is the hundred millions digit of 162236334?
1
What is the hundred thousands digit of 511600316?
6
What is the ten millions digit of 380877683?
8
What is the ten millions digit of 2086813513?
8
What is the thousands digit of 49070727?
0
What is the hundred thousands digit of 55503000?
5
What is the tens digit of 8688890?
9
What is the units digit of 1499007466?
6
What is the thousands digit of 244388245?
8
What is the hundred millions digit of 5029093718?
0
What is the millions digit of 1146221675?
6
What is the millions digit of 243217882?
3
What is the thousands digit of 154549244?
9
What is the units digit of 25091574?
4
What is the hundred thousands digit of 469286572?
2
What is the ten thousands digit of 257568929?
6
What is the hundred millions digit of 124893393?
1
What is the hundred thousands digit of 60245739?
2
What is the hundreds digit of 117811577?
5
What is the thousands digit of 987398384?
8
What is the hundreds digit of 454759936?
9
What is the hundred millions digit of 3421088871?
4
What is the thousands digit of 404849242?
9
What is the hundred thousands digit of 32887713?
8
What is the thousands digit of 42074696?
4
What is the tens digit of 1027125076?
7
What is the millions digit of 279408374?
9
What is the hundred millions digit of 653979139?
6
What is the units digit of 542119418?
8
What is the hundred thousands digit of 105935423?
9
What is the hundred thousands digit of 169222465?
2
What is the thousands digit of 85895979?
5
What is the hundred millions digit of 971069625?
9
What is the tens digit of 85323916?
1
What is the ten millions digit of 429468614?
2
What is the units digit of 11566379?
9
What is the hundreds digit of 245642981?
9
What is the thousands digit of 221896360?
6
What is the units digit of 165394040?
0
What is the hundreds digit of 2296450679?
6
What is the millions digit of 995439277?
5
What is the tens digit of 242128346?
4
What is the hundred thousands digit of 81146097?
1
What is the hundred millions digit of 747613432?
7
What is the tens digit of 200481704?
0
What is the units digit of 1067424224?
4
What is the hundred millions digit of 1636176890?
6
What is the thousands digit of 239452681?
2
What is the units digit of 9156912?
2
What is the units digit of 89089391?
1
What is the ten thousands digit of 6689480126?
8
What is the millions digit of 77085757?
7
What is the hundred millions digit of 4205446324?
2
What is the hundreds digit of 6427530455?
4
What is the hundreds digit of 75604297?
2
What is the thousands digit of 37944882?
4
What is the ten millions digit of 2765201969?
6
What is the hundred thousands digit of 464836560?
8
What is the hundreds digit of 775534756?
7
What is the millions digit of 25677994?
5
What is the hundreds digit of 2932469487?
4
What is the hundreds digit of 30652030?
0
What is the ten millions digit of 154169587?
5
What is the millions digit of 88895944?
8
What is the billions digit of 3752878411?
3
What is the hundreds digit of 3258835924?
9
What is the ten millions digit of 70755430?
7
What is the hundred thousands digit of 30968505?
9
What is the units digit of 28931679?
9
What is the thousands digit of 89568437?
8
What is the ten thousands digit of 113961286?
6
What is the billions digit of 6094690104?
6
What is the hundred thousands digit of 891800635?
8
What is the thousands digit of 119736278?
6
What is the thousands digit of 2239167916?
7
What is the ten millions digit of 3938746292?
3
What is the thousands digit of 3196069798?
9
What is the ten thousands digit of 423440702?
4
What is the millions digit of 1359993807?
9
What is the hundred thousands digit of 6590831?
5
What is the tens digit of 5042760?
6
What is the thousands digit of 566452445?
2
What is the hundreds digit of 84413691?
6
What is the ten millions digit of 284691954?
8
What is the hundreds digit of 3970662961?
9
What is the ten millions digit of 29712337?
2
What is the hundred thousands digit of 49813919?
8
What is the units digit of 108125538?
8
What is the hundred thousands digit of 1469871036?
8
What is the ten thousands digit of 67743489?
4
What is the units digit of 4397574243?
3
What is the millions digit of 4609546003?
9
What is the ten thousands digit of 111687993?
8
What is the ten thousands digit of 116951257?
5
What is the ten thousands digit of 731853258?
5
What is the hundred millions digit of 1608407280?
6
What is the hundred millions digit of 138312472?
1
What is the thousands digit of 93988011?
8
What is the billions digit of 1346797895?
1
What is the hundred thousands digit of 452849053?
8
What is the ten thousands digit of 126520417?
2
What is the thousands digit of 1544393?
4
What is the hundred millions digit of 846353640?
8
What is the millions digit of 43429762?
3
What is the tens digit of 817982756?
5
What is the hundred thousands digit of 521434632?
4
What is the thousands digit of 42281287?
1
What is the hundred thousands digit of 2200856979?
8
What is the hundreds digit of 6421173?
1
What is the thousands digit of 3510426101?
6
What is the millions digit of 1113731668?
3
What is the hundred t